{"id":31,"date":"2023-02-02T13:52:29","date_gmt":"2023-02-02T19:52:29","guid":{"rendered":"https:\/\/inb.unam.mx\/yoinb\/?page_id=31"},"modified":"2023-10-21T10:58:51","modified_gmt":"2023-10-21T16:58:51","slug":"donacion","status":"publish","type":"page","link":"https:\/\/inb.unam.mx\/yoinb\/donacion\/","title":{"rendered":"Donaci\u00f3n"},"content":{"rendered":"\n<div class=\"wp-block-cover alignfull is-light has-custom-content-position is-position-bottom-center\" style=\"min-height:254px;aspect-ratio:unset;\"><span aria-hidden=\"true\" class=\"wp-block-cover__background has-background-dim\"><\/span><img loading=\"lazy\" decoding=\"async\" width=\"1929\" height=\"1286\" class=\"wp-block-cover__image-background wp-image-113\" alt=\"\" src=\"https:\/\/inb.unam.mx\/yoinb\/wp-content\/uploads\/2023\/02\/IMG_0291-copia.jpg\" style=\"object-position:50% 56%\" data-object-fit=\"cover\" data-object-position=\"50% 56%\"\/><div class=\"wp-block-cover__inner-container is-layout-flow wp-block-cover-is-layout-flow\">\n<p class=\"has-text-align-center has-background-color has-text-color\" style=\"margin-top:0;margin-right:0;margin-bottom:0;margin-left:0;padding-top:0;padding-right:0;padding-bottom:0;padding-left:0;font-size:3rem\"><b><i>\u00a1Gracias!<\/i><\/b><\/p>\n\n\n\n<p class=\"has-text-align-center has-background-color has-text-color\" style=\"margin-top:var(--wp--preset--spacing--40);margin-right:var(--wp--preset--spacing--40);margin-bottom:var(--wp--preset--spacing--40);margin-left:var(--wp--preset--spacing--40);padding-top:0;padding-right:0;padding-bottom:0;padding-left:0;font-size:1.5rem\"><b><i><strong>Tu donaci\u00f3n nos ayuda a estar m\u00e1s cerca de nuestro objetivo<\/strong><\/i><\/b><\/p>\n<\/div><\/div>\n\n\n\n<div style=\"height:18px\" aria-hidden=\"true\" class=\"wp-block-spacer\"><\/div>\n\n\n\n<p class=\"has-text-align-center\" style=\"font-size:1.5rem\"><em>Tu ayuda puede llegar por las siguientes 2 v\u00edas:<\/em><\/p>\n\n\n\n<div style=\"height:23px\" aria-hidden=\"true\" class=\"wp-block-spacer\"><\/div>\n\n\n\n<div class=\"wp-block-columns alignwide are-vertically-aligned-top is-layout-flex wp-container-core-columns-is-layout-28f84493 wp-block-columns-is-layout-flex\">\n<div class=\"wp-block-column is-vertically-aligned-top is-layout-flow wp-block-column-is-layout-flow\">\n<div class=\"wp-block-group is-layout-constrained wp-block-group-is-layout-constrained\">\n<p class=\"has-text-align-center\" style=\"font-size:1.5rem\"><strong><a href=\"https:\/\/inb.unam.mx\/yoinb\/donacion-por-transferencia\/\">Transferencia<\/a><\/strong><\/p>\n\n\n\n<figure class=\"wp-block-image aligncenter size-full is-resized wp-duotone-000000-rgba255255255011-1\"><a href=\"https:\/\/inb.unam.mx\/yoinb\/donacion-por-transferencia\/\"><img loading=\"lazy\" decoding=\"async\" width=\"684\" height=\"676\" src=\"https:\/\/inb.unam.mx\/yoinb\/wp-content\/uploads\/2023\/02\/Captura-de-Pantalla-2023-02-13-a-las-23.39.55.png\" alt=\"\" class=\"wp-image-176\" style=\"width:205px;height:202px\"\/><\/a><\/figure>\n<\/div>\n<\/div>\n\n\n\n<div class=\"wp-block-column is-vertically-aligned-top is-layout-flow wp-block-column-is-layout-flow\">\n<p class=\"has-text-align-center\" style=\"font-size:1.5rem\"><strong>V\u00eda Paypal<\/strong><\/p>\n\n\n\n<figure class=\"wp-block-image aligncenter size-full is-resized has-custom-border is-style-default\"><a href=\"https:\/\/www.paypal.com\/donate?campaign_id=9NAG6KHZ736V2\" target=\"_blank\" rel=\"Donaci\u00f3n_Paypal noopener\"><img loading=\"lazy\" decoding=\"async\" width=\"1080\" height=\"1080\" src=\"https:\/\/inb.unam.mx\/yoinb\/wp-content\/uploads\/2023\/02\/0014294_paypal-express-payment-plugin.png\" alt=\"\" class=\"wp-image-178\" style=\"border-style:none;border-width:0px;border-radius:0px;width:217px;height:217px\"\/><\/a><\/figure>\n<\/div>\n<\/div>\n\n\n\n<hr class=\"wp-block-separator has-alpha-channel-opacity is-style-dots\"\/>\n\n\n\n<div style=\"height:15px\" aria-hidden=\"true\" class=\"wp-block-spacer\"><\/div>\n\n\n\n<div class=\"wp-block-buttons is-content-justification-center is-layout-flex wp-container-core-buttons-is-layout-a89b3969 wp-block-buttons-is-layout-flex\">\n<div class=\"wp-block-button has-custom-font-size is-style-fill\" style=\"font-size:1.5rem\"><a class=\"wp-block-button__link has-background wp-element-button\" href=\"https:\/\/inb.unam.mx\/yoinb\/strongcomprobante-fiscal-strong\/\" style=\"border-radius:15px;background-color:#ebac00\" target=\"_blank\" rel=\"noreferrer noopener\"><strong>Comprobante fiscal<\/strong><\/a><\/div>\n<\/div>\n\n\n\n<div style=\"height:23px\" aria-hidden=\"true\" class=\"wp-block-spacer\"><\/div>\n\n\n\n<p class=\"has-text-align-center has-luminous-vivid-amber-color has-foreground-background-color has-text-color has-background has-medium-font-size\">Cualquier informaci\u00f3n adicional puede escribirnos<br>al correo <strong>yoinb@inb.unam.mx<\/strong><br>o comunicarse al tel\u00e9fono <strong>442 238 1003<\/strong><\/p>\n","protected":false},"excerpt":{"rendered":"<p>Tu ayuda puede llegar por las siguientes 2 v\u00edas: Transferencia V\u00eda Paypal Cualquier informaci\u00f3n adicional puede escribirnosal correo yoinb@inb.unam.mxo comunicarse al tel\u00e9fono 442 238 1003<\/p>\n","protected":false},"author":2,"featured_media":0,"parent":0,"menu_order":0,"comment_status":"closed","ping_status":"closed","template":"","meta":{"footnotes":""},"class_list":["post-31","page","type-page","status-publish","hentry"],"_links":{"self":[{"href":"https:\/\/inb.unam.mx\/yoinb\/wp-json\/wp\/v2\/pages\/31","targetHints":{"allow":["GET"]}}],"collection":[{"href":"https:\/\/inb.unam.mx\/yoinb\/wp-json\/wp\/v2\/pages"}],"about":[{"href":"https:\/\/inb.unam.mx\/yoinb\/wp-json\/wp\/v2\/types\/page"}],"author":[{"embeddable":true,"href":"https:\/\/inb.unam.mx\/yoinb\/wp-json\/wp\/v2\/users\/2"}],"replies":[{"embeddable":true,"href":"https:\/\/inb.unam.mx\/yoinb\/wp-json\/wp\/v2\/comments?post=31"}],"version-history":[{"count":14,"href":"https:\/\/inb.unam.mx\/yoinb\/wp-json\/wp\/v2\/pages\/31\/revisions"}],"predecessor-version":[{"id":376,"href":"https:\/\/inb.unam.mx\/yoinb\/wp-json\/wp\/v2\/pages\/31\/revisions\/376"}],"wp:attachment":[{"href":"https:\/\/inb.unam.mx\/yoinb\/wp-json\/wp\/v2\/media?parent=31"}],"curies":[{"name":"wp","href":"https:\/\/api.w.org\/{rel}","templated":true}]}}